) = s - 1. Let a(j) = -8*j - 8. Let f(u) = -a(u) - 6*r(u). What is f(-11)?
-8
Suppose 0 = 3*w - t - 1, 0 = -5*w - 110*t + 108*t + 20. Let v(o) be the first derivative of o**3/3 - o + 1. Calculate v(w).
3
Let y(t) = -2*t**2 - 2. Let x(w) = w**2 + 12 + 0 - 4*w - 13*w + 6*w. Let i be x(10). Determine y(i).
-10
Let i(j) = 4*j - 6. Suppose -8 = -4*l + 2*d, 5*d = -l + 2*d + 16. Suppose 3*g = 4*g - l*a - 3, 4*a = -g - 29. Let w = -8 - g. Give i(w).
14
Suppose -n - 9 = -5. Let s(v) = 3*v + 6 + 2 - 5 + 3. Give s(n).
-6
Suppose 0 = 71*y + 115*y - 624 - 864. Let s(a) = -5*a + 4. Let u(h) = -h + 1. Let w(j) = -s(j) + 6*u(j). Give w(y).
-6
Let w(d) be the third derivative of -1/60*d**5 + 0 + 1/3*d**3 + 0*d + 4*d**2 - 1/12*d**4. Let o = -5 + 2. Determine w(o).
-1
Let q(u) be the first derivative of 1/6*u**3 - 1/2*u**2 + 4 + 3/5*u**5 + 4*u + 0*u**4. Let y(z) be the first derivative of q(z). Give y(1).
12
Let d(c) = -2 - 6*c + 8*c - c + 4. Let n be d(4). Let t(k) = -k**3 + 5*k**2 + 7*k - 1. What is t(n)?
5
Let x(r) = -4 - r + r**3 - 6*r**2 + 4 + 5. Let d(k) = 46*k + 236. Let h be d(-5). Give x(h).
-1
Let v(w) = w**3 - 5*w**2 + 2*w + 3. Let l(b) = 12*b - 44. Let y be l(4). Determine v(y).
-5
Suppose 8 - 62 = -2*w. Suppose 0 = 6*g - 2*g - 12. Suppose 0 = 4*p + w - g. Let l(h) = -h**3 - 5*h**2 + 4*h - 8. Give l(p).
4
Let a(o) = -8 + 8*o + 9*o + 9*o - o**2 - 19*o. What is a(5)?
2
Let k(z) be the third derivative of -z**6/120 - z**5/10 + 5*z**4/24 - 5*z**3/6 + 36*z**2 + 5. Determine k(-7).
9
Suppose q + 16 = 5*q. Suppose -q*v + p = -9, p - 5*p + 27 = 5*v. Let r(y) = -y**3 + 3*y**2 - 1. What is r(v)?
-1
Let m(h) = h**2 - 2*h + 2. Suppose 0 = -2*f + 1 - 3. Let c be (f/2)/(6/(-24) - 0). What is m(c)?
2
Let g(k) = -4*k + 1. Suppose 43*x = 34*x + 9. What is g(x)?
-3
Let a(n) be the third derivative of n**4/24 + 17*n**3/6 + n**2. Suppose -3*r + 36*r = -330. Give a(r).
7
Let s be (-1)/4 + (-21)/(-4). Let j = -24 + 28. Let m(c) = 2 + 2*c + 5 - j. What is m(s)?
13
Let c(a) = a**3 + 8*a**2 + 6*a - 17. Let g(z) = 2*z**2 - 89*z - 145. Let x be g(46). What is c(x)?
-10
Let x be (-1)/2*-2 - 7. Suppose -153 = -3*d - 5*m, 125 = 4*d - 4*m - 47. Let b(j) = 9*j + 16 + 7*j**2 - 45*j**3 - 7 + d*j**3. Give b(x).
-9
Let a(t) be the third derivative of t**5/60 + t**4/3 + 4*t**3/3 + 2*t**2. Let l be (4386/85)/(2/(-5)). Let j = -135 - l. Give a(j).
-4
Suppose 4*m - 3 = 5. Suppose 5*k - 5 = m*i + 5, -13 = 3*k - 5*i. Let n(b) = 2*b - 2. Let o(u) = 1. Let y(g) = n(g) - 4*o(g). What is y(k)?
2
Let g be (-2*20/(-8))/1. Suppose g*n = -2 + 17. Let w(d) = 5*d - 4. What is w(n)?
11
Let w(k) be the second derivative of 0 + 1/12*k**4 - 13*k + 1/6*k**3 - 1/2*k**2 - 17/20*k**5. Give w(1).
-16
Let t(u) = -4 + u**2 + 2 + 2 - 3*u - 3. Let j be t(-3). Let h(x) = j - 3 + x + 0*x. Calculate h(-6).
6
Let q(r) = 6*r - 21*r + 4*r - 47 + 2*r + 2*r. Determine q(-7).
2
Let p(f) = -f**2 + 6*f + 4. Let w(u) = u + 1. Let k(s) = p(s) - 5*w(s). Let q(g) = -4*g**2 + 13*g - 19. Let r(l) = -5*k(l) + q(l). What is r(-10)?
6
Let b(n) = n + 7. Suppose -3*z - o = 24 + 10, 5*o = 3*z + 10. Give b(z).
-3
Let o(k) = 8*k**3 + 14*k**2 + 13*k - 6. Let d(u) = -11*u**3 - 21*u**2 - 20*u + 9. Let v(s) = -5*d(s) - 7*o(s). What is v(8)?
5
Let a(f) = 3*f**3 - 4 - 8*f + 13*f - f**3 - 3*f**3 + 8*f - 5*f**2. Give a(-7).
3
Let h(d) = d - 8. Suppose r - 7 + 2 = -2*x, r + 25 = 4*x. Suppose 2*m - 4*m + i = 5, 0 = m + x*i - 25. What is h(m)?
-8
Suppose g - 33 = -13. Suppose -2*z - g = 2*u, -u = -5*z + 2 - 22. Let c(m) = m - 5. Determine c(u).
-10
Let g(u) be the first derivative of 7*u**3/3 + u**2 + 122. What is g(3)?
69
Suppose -6*g + 2*g + 4 = 0. Let c be (g - 2)/(3/(-21)). Let r(x) = -x + 5. Determine r(c).
-2
Let g = -16 + 22. Let i(n) = n**2 - 5*n + 7. Let d(m) = -m. Let r(h) = 3*d(h) + i(h). What is r(g)?
-5
Let m(q) be the first derivative of -9*q**4/4 - q**3/3 + q**2/2 + 28. Let n(v) = -v + 3. Let k be 3/(-2)*-2 - 1. Let p be n(k). Calculate m(p).
-9
Let a(y) = 2*y + 3. Suppose -4*w + 22 = b, -7*b - w = -2*b - 15. Suppose 9 = b*o + o. Determine a(o).
9
Let w(u) = u**2 + 2*u + 2. Let m be 18/(9/3 + -1). Let f be 1*3*57/m. Let k = -21 + f. What is w(k)?
2
Let n(y) = -2*y - 1. Let r(k) = -11*k - 1. Let u(v) = -4*n(v) + r(v). Calculate u(4).
-9
Let m be 1/(-3) + 10665/(-81). Let v be m/(-36) - (-2)/6. Let c(j) = 5*j - 5. Calculate c(v).
15
Let z be (-7 - -6) + 3/((-144)/(-52)). Let s(a) be the second derivative of 5/6*a**3 - z*a**4 + 3*a + 7/2*a**2 + 0. What is s(6)?
1
Let k(i) = -i**2 + 3*i - 1. Let m(y) = -y + 13. Suppose 0*j - 48 = -4*c - 2*j, 0 = 5*j. Let r be m(c). Calculate k(r).
1
Let a = -53 + 61. Let t(o) = -o - o + 3 + o + 0. Calculate t(a).
-5
Suppose -5*h + 20 = 45. Let a(o) = 4*o + 7. Give a(h).
-13
Let c be 12/2 + -7 + 4. Let q(z) = -2*z**2 - 4 - 4 + c - 4*z. Let r(w) = -w**2 - 2*w - 3. Let s(u) = -4*q(u) + 7*r(u). Determine s(1).
2
Suppose m + 75 = -5*c + 6*m, 3*m = c + 21. Let g be 18*((-7)/(-14) - (-2)/c). Let d(s) = -2*s + 5. Let n(v) = -1. Let j(z) = -d(z) + 2*n(z). Determine j(g).
5
Let c(b) be the third derivative of 0 + 1/8*b**4 - 1/2*b**3 + 22*b**2 + 0*b. Determine c(3).
6
Let k(f) = -f + 3. Let q be k(-6). Suppose 0 = 7*c - q*c + 10. Suppose -c*p - 4*d + 2*d = 2, -d = 4*p + 4. Let v(s) = 3*s**2 + 3*s. Give v(p).
6
Suppose 4*y - 7 = -11. Let n(u) = -4*u**3 + u**2 + 2*u + 1. Give n(y).
4
Let a(d) = -d**2 - d - 5*d - d**3 + 4 + 5*d + 0*d. Let h = 21 - 21. Let m be a(h). Let w(r) = 3*r - 2. Determine w(m).
10
Suppose 8 = d + p, 3*p - 7 - 2 = 0. Let g(a) = -4 - 6 - a + d. Suppose 3*j = 2*k + 22, -2*k - 3*j + 17 = -3*k. Determine g(k).
0
Let q(n) be the third derivative of n**4/24 + 4*n**3 - 314*n**2. Determine q(-10).
14
Let d(v) = -32*v**2 - v + 1. Suppose 5 = -90*p + 95*p. What is d(p)?
-32
Let z be (474/1008)/1 + 6/(-14). Let f(h) be the third derivative of 0*h + z*h**4 + 1/3*h**3 + 0 - 7*h**2. Determine f(5).
7
Let w(h) = 7 + 15 - 21 - 2*h**2 - h**2 + 10*h - 7*h. Calculate w(-4).
-59
Let q(s) = -3*s**2 - s. Let f = 3 - -1. Suppose 18 = -y - 4*r, -y + 5*y + f = r. Give q(y).
-10
Let m(d) = d**3 - 19*d**2 - 12. Let t be m(19). Let b = 8 + t. Let q(x) = -3*x - x - 4 + 5*x. Calculate q(b).
-8
Let b(g) be the third derivative of 19*g**2 + 1/60*g**5 + 0 + 0*g + 1/3*g**3 + 1/120*g**6 + 1/24*g**4. What is b(2)?
16
Let y(s) = -3*s**2 + 2*s + 1. Let g(w) = -w**3 + 20*w**2 - 18*w + 17. Let l be g(19). Let r = l + -38. Determine y(r).
-15
Let x(w) = w**2 - 4*w - 1. Let y be 0 - (-15 + 121/11). Calculate x(y).
-1
Let g(a) be the first derivative of 2*a + 12 - 2*a**2 + 4/3*a**3 + 1/4*a**4. Suppose 3*y + 23 = 8. Calculate g(y).
-3
Let q(u) = u - 1. Suppose -50*d + 5*d = -225. Determine q(d).
4
Suppose -26 = -5*t + 39*b - 43*b, 0 = -t - 5*b + 22. Let r(s) be the first derivative of 1/2*s**t + 10 + s. Calculate r(-6).
-5
Let n(s) = s**2 - 2*s + 1. Let x(t) = -3 - 4*t - 1 - t**2 + 2. Let k be x(-4). Let y be 0/(0 + 3) - k. Give n(y).
1
Let o(j) = j - 1. Let d(x) = 3*x + 3. Let v(w) = -d(w) + 2*o(w). Suppose -15*m - 91 = -1. Calculate v(m).
1
Let i(f) = f + 3. Let z(u) = -u**3 - 12*u**2 - 5*u + 6. Let n be z(-11). Let c be ((-3)/(-4))/(1 - (-65)/n). What is i(c)?
-6
Let q(m) be the third derivative of 1/120*m**6 - 1/8*m**4 + 0 - 12*m**2 + 0*m - 1/3*m**3 - 1/30*m**5. Give q(-2).
-12
Suppose -3*n - 3 = 4*y, -y + 5*y + 2*n + 6 = 0. Let x(g) = -2*g + 1. Let i(q) = 13*q - 6. Let m(w) = i(w) + 5*x(w). Determine m(y).
-10
Let k(f) = 1287 - 431 + f - 429 - 429 + 2*f**2. Determine k(3).
19
Let j = -5 + -6. Let y(a) = -16*a**3 - 36*a**2 + 24*a - 36. Let b(n) = 3*n**3 + 7*n**2 - 5*n + 7. Let u(x) = j*b(x) - 2*y(x). Determine u(-6).
-11
Let z(k) = k**2 - 2. Let f = -139 - -144. Suppose f*v + 3 - 18 = 0. What is z(v)?
7
Suppose 0 = 3*m - 4*m - 6. Let j(p) be the first derivative of p**3/3 + 4*p**2 + 6*p - 303. What is j(m)?
-6
Let j(f) = 38*f - 1. Let o(r) = 6*r**2 + r - 1. Let t be o(0). What is j(t)?
-39
Suppose 9*q + 19 = 64. Let o(h) = 0*h - 9*h**3 + 10*h**3 + q*h - h - 6*h**2 - 2. What is o(5)?
-7
Suppose 0 = -4*m - l - 50, 0 = -0*l - 2*l - 4. Let h(y) = -y - 8. Determine h(m).
4
Let u(f) = -f + 4. Let h be u(3). Let i = -180 - -182. Let q(g) = 11*g + 1 + 6*g - i - 14*g. What is q(h)?
2
Let v be (-8)/(-3)*9/(-6). Let z(x) be the third derivat